{"id":148,"date":"2025-12-27T15:54:08","date_gmt":"2025-12-27T15:54:08","guid":{"rendered":"https:\/\/bolsaingles.com\/?page_id=148"},"modified":"2026-01-28T11:04:56","modified_gmt":"2026-01-28T11:04:56","slug":"sobre-nosotros-2","status":"publish","type":"page","link":"https:\/\/bolsaingles.com\/index.php\/sobre-nosotros-2\/","title":{"rendered":"Sobre Nosotros"},"content":{"rendered":"<p>[et_pb_section fb_built=&#8221;1&#8243; specialty=&#8221;on&#8221; _builder_version=&#8221;4.25.2&#8243; _module_preset=&#8221;default&#8221; custom_margin=&#8221;||-22px|||&#8221; custom_padding=&#8221;0px||0px|||&#8221; global_colors_info=&#8221;{}&#8221;][et_pb_column type=&#8221;1_2&#8243; _builder_version=&#8221;4.16&#8243; custom_padding=&#8221;|||&#8221; global_colors_info=&#8221;{}&#8221; custom_padding__hover=&#8221;|||&#8221;][et_pb_text admin_label=&#8221;Content Page V6 &#8211; Ragnar &#8211; H1 title&#8221; _builder_version=&#8221;4.25.2&#8243; _module_preset=&#8221;default&#8221; header_font=&#8221;Wallpoet|900|||||||&#8221; header_text_color=&#8221;#25282a&#8221; header_font_size=&#8221;86px&#8221; header_line_height=&#8221;100%&#8221; header_2_font=&#8221;Barlow|700|||||||&#8221; header_2_text_color=&#8221;#25282a&#8221; header_2_font_size=&#8221;60px&#8221; custom_margin=&#8221;||-2px||false|false&#8221; custom_margin_tablet=&#8221;||15px||false|false&#8221; custom_margin_phone=&#8221;||5px||false|false&#8221; custom_margin_last_edited=&#8221;on|desktop&#8221; custom_padding=&#8221;||36px||false|false&#8221; custom_padding_phone=&#8221;||||false|false&#8221; custom_padding_last_edited=&#8221;off|desktop&#8221; hover_enabled=&#8221;0&#8243; header_font_size_tablet=&#8221;82px&#8221; header_font_size_phone=&#8221;42px&#8221; header_font_size_last_edited=&#8221;on|phone&#8221; header_2_font_size_tablet=&#8221;40px&#8221; header_2_font_size_phone=&#8221;24px&#8221; header_2_font_size_last_edited=&#8221;on|tablet&#8221; inline_fonts=&#8221;Wallpoet,Adamina,Luckiest Guy&#8221; global_colors_info=&#8221;{}&#8221; sticky_enabled=&#8221;0&#8243;]<\/p>\n<h1><span style=\"color: #000000;\"><strong>Sobre Nosotros<\/strong><\/span><\/h1>\n<p>[\/et_pb_text][et_pb_image src=&#8221;https:\/\/bolsaingles.com\/wp-content\/uploads\/2026\/01\/RobKiteley.png&#8221; title_text=&#8221;RobKiteley&#8221; _builder_version=&#8221;4.25.2&#8243; _module_preset=&#8221;default&#8221; custom_padding=&#8221;0px|||||&#8221; border_radii=&#8221;on|40px|40px|40px|40px&#8221; global_colors_info=&#8221;{}&#8221;][\/et_pb_image][et_pb_text _builder_version=&#8221;4.25.2&#8243; _module_preset=&#8221;default&#8221; header_font=&#8221;Work Sans|800|||||||&#8221; header_font_size=&#8221;25px&#8221; global_colors_info=&#8221;{}&#8221;]<\/p>\n<h1>Rob Kiteley<\/h1>\n<h1>Managing Director<\/h1>\n<h1><em>Bolsa Ingl\u00e9s\u00a0 \u00a0 \u00a0 \u00a0 \u00a0 \u00a0 \u00a0 \u00a0 \u00a0 \u00a0 \u00a0 \u00a0 \u00a0<\/em><\/h1>\n<h1><em>info@bolsaingles.com<\/em><em><\/em><\/h1>\n<p>[\/et_pb_text][et_pb_image src=&#8221;https:\/\/bolsaingles.com\/wp-content\/uploads\/2025\/12\/Bolsa-ingles-Logo-J.jpg&#8221; title_text=&#8221;Bolsa-ingles-Logo-J&#8221; _builder_version=&#8221;4.25.2&#8243; _module_preset=&#8221;default&#8221; border_radii=&#8221;on|40px|40px|40px|40px&#8221; global_colors_info=&#8221;{}&#8221;][\/et_pb_image][\/et_pb_column][et_pb_column type=&#8221;1_2&#8243; specialty_columns=&#8221;2&#8243; _builder_version=&#8221;4.16&#8243; custom_padding=&#8221;|||&#8221; global_colors_info=&#8221;{}&#8221; custom_padding__hover=&#8221;|||&#8221;][et_pb_row_inner _builder_version=&#8221;4.25.2&#8243; _module_preset=&#8221;default&#8221; custom_margin=&#8221;-45px||22px|||&#8221; global_colors_info=&#8221;{}&#8221;][et_pb_column_inner saved_specialty_column_type=&#8221;1_2&#8243; _builder_version=&#8221;4.25.2&#8243; _module_preset=&#8221;default&#8221; global_colors_info=&#8221;{}&#8221;][et_pb_text _builder_version=&#8221;4.25.2&#8243; _module_preset=&#8221;default&#8221; text_font=&#8221;Work Sans|600|||||||&#8221; text_font_size=&#8221;20px&#8221; header_font=&#8221;Wallpoet||||||||&#8221; header_font_size=&#8221;40px&#8221; inline_fonts=&#8221;Mate,Work Sans&#8221; global_colors_info=&#8221;{}&#8221;]<\/p>\n<h1><em style=\"font-size: x-large;\"><strong><span style=\"font-family: Mate;\"><\/span><\/strong><\/em><\/h1>\n<h1><em style=\"font-size: x-large;\"><strong><span style=\"font-family: Mate;\"><\/span><\/strong><\/em><\/h1>\n<h1><em style=\"font-size: x-large;\"><strong><span style=\"font-family: Mate;\"><\/span><\/strong><\/em><\/h1>\n<h1><em style=\"font-size: x-large;\"><strong><span style=\"font-family: Mate;\"><\/span><\/strong><\/em><\/h1>\n<p><span style=\"font-family: 'Work Sans'; font-weight: normal; font-size: large;\"><\/span><\/p>\n<p>Entrenamiento elite en ingl\u00e9s dise\u00f1ado para procesos de selecci\u00f3n de alto nivel donde cada palabra tiene consecuencias. No es ingl\u00e9s acad\u00e9mico ni teor\u00eda. Es entrenamiento de precisi\u00f3n para profesionales que compiten por posiciones reales en entornos internacionales exigentes. No simulamos entrevistas gen\u00e9ricas ni repetimos preguntas previsibles. Entrenamos control del mensaje, claridad estrat\u00e9gica y autoridad ling\u00fc\u00edstica bajo presi\u00f3n real. Cada sesi\u00f3n reproduce el ritmo, la tensi\u00f3n y los criterios de evaluaci\u00f3n del proceso final. Se adapta a tu sector, tu rol y tus riesgos espec\u00edficos. Si necesitas proyectar liderazgo, seguridad y criterio en el momento decisivo, este entrenamiento no es opcional. Aqu\u00ed no se practica. Se ejecuta.<\/p>\n<p>Este enfoque no surge por casualidad.<\/p>\n<p>En 2004 visit\u00e9 Am\u00e9rica Latina por primera vez y me enamor\u00e9 del idioma espa\u00f1ol y de la cultura hispana. Lo que comenz\u00f3 como curiosidad se convirti\u00f3 en un compromiso a largo plazo. A lo largo de los a\u00f1os he vivido y trabajado en nueve pa\u00edses, desarrollando mi carrera en salas de juntas, negociaciones y entornos profesionales de alta presi\u00f3n donde el idioma nunca fue solo comunicaci\u00f3n. Fue una herramienta estrat\u00e9gica.<\/p>\n<p>Mi trayectoria me ha llevado a trabajar con algunas de las multinacionales m\u00e1s importantes del mundo, como Heineken y Honda, as\u00ed como con organizaciones internacionales de primer nivel como la OTAN y diversas entidades gubernamentales en Espa\u00f1a y Am\u00e9rica Latina. Paralelamente, he ocupado cargos de m\u00e1xima responsabilidad en el sector de la ense\u00f1anza y evaluaci\u00f3n del ingl\u00e9s. Fui examinador de Cambridge, Director de Estudios en International House, Centre Manager en Bede\u2019s Summer School, gestionando algunos de los programas de verano m\u00e1s prestigiosos del Reino Unido, y Country Manager en M\u00e1ximo Nivel, la mayor escuela de idiomas de Guatemala.<\/p>\n<p>En todos estos entornos se repite el mismo patr\u00f3n. Los profesionales senior no fallan por falta de gram\u00e1tica o vocabulario. Fallan porque no controlan el mensaje bajo presi\u00f3n. Dud\u00e1n, suavizan ideas que requieren autoridad y pierden precisi\u00f3n justo en el momento clave.<\/p>\n<p>Ah\u00ed es donde act\u00faa este entrenamiento.<\/p>\n<p>He construido una reputaci\u00f3n ayudando a l\u00edderes empresariales a dar el siguiente paso profesional transformando la forma en que utilizan el ingl\u00e9s en momentos decisivos. No se trata de aprender m\u00e1s ingl\u00e9s, sino de aprender a ejecutarlo mejor. Afinamos intenci\u00f3n, estructura, tono y posicionamiento estrat\u00e9gico. Trabajamos sobre c\u00f3mo se toman realmente las decisiones y c\u00f3mo se eval\u00faa a los candidatos en procesos reales. Eliminamos el riesgo ling\u00fc\u00edstico y lo sustituimos por claridad, control y presencia.<\/p>\n<p>Este es ingl\u00e9s dise\u00f1ado para rendir.<\/p>\n<p>Ya sea para una entrevista ejecutiva, un comit\u00e9 de promoci\u00f3n, una negociaci\u00f3n estrat\u00e9gica o un puesto internacional de alto nivel, el resultado es el mismo. Sales preparado para pensar, responder y liderar en ingl\u00e9s bajo presi\u00f3n. Con calma. Con credibilidad. Con control.<\/p>\n<p>Tras d\u00e9cadas de experiencia en educaci\u00f3n internacional, multinacionales y evaluaci\u00f3n de alto nivel, he lanzado Bolsa Ingl\u00e9s para poner todo ese conocimiento en pr\u00e1ctica. Si el resultado importa, aqu\u00ed es donde se trabaja.<\/p>\n<p>[\/et_pb_text][\/et_pb_column_inner][\/et_pb_row_inner][\/et_pb_column][\/et_pb_section][et_pb_section fb_built=&#8221;1&#8243; _builder_version=&#8221;4.25.2&#8243; _module_preset=&#8221;default&#8221; custom_padding=&#8221;10px||0px|||&#8221; global_colors_info=&#8221;{}&#8221;][et_pb_row column_structure=&#8221;1_2,1_2&#8243; _builder_version=&#8221;4.25.2&#8243; _module_preset=&#8221;default&#8221; custom_padding=&#8221;0px||0px|||&#8221; global_colors_info=&#8221;{}&#8221;][et_pb_column type=&#8221;1_2&#8243; _builder_version=&#8221;4.25.2&#8243; _module_preset=&#8221;default&#8221; global_colors_info=&#8221;{}&#8221;][et_pb_image src=&#8221;https:\/\/bolsaingles.com\/wp-content\/uploads\/2025\/12\/Agenda-tu-consulta-1.png&#8221; title_text=&#8221;Agenda-tu-consulta&#8221; _builder_version=&#8221;4.25.2&#8243; _module_preset=&#8221;default&#8221; animation_style=&#8221;zoom&#8221; global_colors_info=&#8221;{}&#8221;][\/et_pb_image][\/et_pb_column][et_pb_column type=&#8221;1_2&#8243; _builder_version=&#8221;4.25.2&#8243; _module_preset=&#8221;default&#8221; global_colors_info=&#8221;{}&#8221;][et_pb_image src=&#8221;https:\/\/bolsaingles.com\/wp-content\/uploads\/2025\/12\/Bolsa-method.png&#8221; title_text=&#8221;Bolsa-method&#8221; _builder_version=&#8221;4.25.2&#8243; _module_preset=&#8221;default&#8221; animation_style=&#8221;roll&#8221; global_colors_info=&#8221;{}&#8221;][\/et_pb_image][\/et_pb_column][\/et_pb_row][\/et_pb_section]<\/p>\n","protected":false},"excerpt":{"rendered":"<p>Sobre NosotrosRob Kiteley Managing Director Bolsa Ingl\u00e9s\u00a0 \u00a0 \u00a0 \u00a0 \u00a0 \u00a0 \u00a0 \u00a0 \u00a0 \u00a0 \u00a0 \u00a0 \u00a0 info@bolsaingles.com Entrenamiento elite en ingl\u00e9s dise\u00f1ado para procesos de selecci\u00f3n de alto nivel donde cada palabra tiene consecuencias. No es ingl\u00e9s acad\u00e9mico ni teor\u00eda. Es entrenamiento de precisi\u00f3n para profesionales que compiten por posiciones reales en [&hellip;]<\/p>\n","protected":false},"author":1,"featured_media":0,"parent":0,"menu_order":0,"comment_status":"closed","ping_status":"closed","template":"","meta":{"_et_pb_use_builder":"on","_et_pb_old_content":"","_et_gb_content_width":"","footnotes":""},"class_list":["post-148","page","type-page","status-publish","hentry"],"_links":{"self":[{"href":"https:\/\/bolsaingles.com\/index.php\/wp-json\/wp\/v2\/pages\/148","targetHints":{"allow":["GET"]}}],"collection":[{"href":"https:\/\/bolsaingles.com\/index.php\/wp-json\/wp\/v2\/pages"}],"about":[{"href":"https:\/\/bolsaingles.com\/index.php\/wp-json\/wp\/v2\/types\/page"}],"author":[{"embeddable":true,"href":"https:\/\/bolsaingles.com\/index.php\/wp-json\/wp\/v2\/users\/1"}],"replies":[{"embeddable":true,"href":"https:\/\/bolsaingles.com\/index.php\/wp-json\/wp\/v2\/comments?post=148"}],"version-history":[{"count":7,"href":"https:\/\/bolsaingles.com\/index.php\/wp-json\/wp\/v2\/pages\/148\/revisions"}],"predecessor-version":[{"id":209,"href":"https:\/\/bolsaingles.com\/index.php\/wp-json\/wp\/v2\/pages\/148\/revisions\/209"}],"wp:attachment":[{"href":"https:\/\/bolsaingles.com\/index.php\/wp-json\/wp\/v2\/media?parent=148"}],"curies":[{"name":"wp","href":"https:\/\/api.w.org\/{rel}","templated":true}]}}